(k). What is the hundreds digit of r(-6)?
6
Let n = -60 - -68. Suppose -2165 = -n*i + 13171. What is the tens digit of i?
1
Let i = 706 + 62. Suppose -d - d = -2*m + i, -5*d = m - 378. What is the units digit of m?
3
What is the hundreds digit of (-7650)/(-17) - 7*(6 - 5)?
4
Let a(c) = -c**2 + 8*c - 10. Suppose -1 + 11 = 2*l. Let g be a(l). What is the tens digit of g + (2 - 5) - -96?
9
Let m(g) = -g**3 + 10*g**2 + 15. Let s(u) = u + 3. Let q(p) = -2*p - 25. Let x be q(-16). Let c be s(x). What is the units digit of m(c)?
5
Let t = 121261 - 71412. What is the ten thousands digit of t?
4
Suppose 4187 = 7*r - 54725. What is the units digit of r?
6
Let t(j) = j**3 - 14*j**2 - 14*j + 10. Let n be t(15). Let a = 30 - n. Suppose -26 = -2*u - 3*y - y, 5*u + a*y - 55 = 0. What is the units digit of u?
9
Let m = 63607 - 43921. What is the hundreds digit of m?
6
Let t = -175 + 179. What is the tens digit of (381 - (0 - t)) + 6?
9
What is the tens digit of (56/3 - 20)/(4/(-166614))?
3
Let f(b) = -884*b - 1643. What is the units digit of f(-18)?
9
Let q = -8158 - -13693. What is the units digit of q?
5
Let p be -4 + 2 - (-16 + -18). Suppose -8*g - 8 = -p. Let f(d) = 11*d**2 - 2*d - 7. What is the units digit of f(g)?
6
Let t be (-6)/(-3) - 1 - 1524/4. Let u = 392 + t. What is the tens digit of u?
1
Suppose -5*f - 6 = -26, -5*f = -5*j. Suppose -6*x + 367 = n - 2*x, 1819 = 5*n + j*x. What is the units digit of n?
3
Let a(j) = -40*j - 8. Let v be a(-3). Let c = 1 - 1. Suppose 4*l - v - 100 = c. What is the units digit of l?
3
Suppose 4*s - 1 + 41 = -4*i, 50 = -2*i + 4*s. Let p(y) = y + 31. Let d be p(i). Suppose d = 4*u + 5*c - 221, 0 = 4*u + 2*c - 234. What is the units digit of u?
8
Suppose 20*d - 24*d = 5*i - 227742, 182244 = 4*i - 4*d. What is the units digit of i?
4
Let z be ((-6)/(-7)*1)/((-12)/(-84)). What is the hundreds digit of (-9)/z - (-675)/2?
3
Let t(r) = -r**3 + 89*r**2 + 19*r + 666. What is the ten thousands digit of t(83)?
4
Suppose -18*o + 22*o = 0, 0*o - 4*o - 288020 = -4*f. What is the ten thousands digit of f?
7
Suppose 6*b = -0*b + 30. Suppose 58 = b*i - 52. What is the tens digit of i/165 - 958/(-15)?
6
Suppose -2*n - 24 = 4*n. Let u be n/6 + (-1045)/(-33). Let r = 50 - u. What is the tens digit of r?
1
What is the hundreds digit of -8815*32/20*8/(-32)?
5
Suppose -141*y - 2085 = -140*y. Let z = -1441 - y. What is the tens digit of z?
4
Suppose -398035 = -43*h + 347284. What is the thousands digit of h?
7
Suppose -46*g + 43*g - 3121 = -h, h - g - 3129 = 0. What is the units digit of h?
3
Let o(p) = 218*p - 114. Let a(i) = 435*i - 229. Let h(q) = -2*a(q) + 5*o(q). What is the tens digit of h(5)?
8
Suppose 108*l - 520268 + 103909 = 5921. What is the thousands digit of l?
3
Let a(c) = 4*c**2 - 3*c + 4. Let y be a(-4). Let s = -77 + y. Suppose 5*l - 184 = s*l. What is the units digit of l?
2
Let z(c) = 11*c**2 - 498*c - 558. What is the ten thousands digit of z(63)?
1
Let j(u) = 1242*u - 2923. What is the thousands digit of j(5)?
3
Suppose -3*q + 16145 = -4*m, q = -5*m + 7*m + 5379. What is the thousands digit of q?
5
Suppose 10100*c + 322548 = 10112*c. What is the hundreds digit of c?
8
Let h(x) = -x**3 - 42*x**2 - 29*x - 562. What is the thousands digit of h(-44)?
4
Let z be 3*48 - (0 + 1). Let w be (-139)/((-4 - 1) + (-27)/(-6)). Let v = w - z. What is the tens digit of v?
3
Let x be (4 + 20/(-4))*-5. Suppose x*j + g = -0*g, 0 = -j + 5*g. Suppose 5*o - 897 + 117 = j. What is the units digit of o?
6
Let b(l) = 243*l - 2854. What is the thousands digit of b(44)?
7
Suppose -635075 - 229160 = -127*r. What is the hundreds digit of r?
8
Let i be 237/(-2)*(-8 - (-1160)/30). What is the tens digit of 66/88 + i/(-8)?
5
Let z be 17/2 + (-9)/18. Suppose -10 = -13*i + z*i. Suppose 2*f - 192 = -c + 4*c, i = c. What is the units digit of f?
9
Let i be 1/(-6) + (-172531)/(-222). Let k = i + -202. What is the units digit of k?
5
What is the tens digit of 9181 + (143/99 - 12/27)?
8
Suppose 9*b + 883 - 172 = 0. Let f = 179 - b. What is the hundreds digit of f?
2
Let r = 71 - 76. What is the tens digit of (1824/9)/(r/(-30)) - -4?
2
Let h be (20420/25)/((-7)/(-5) + -1). Let s be 3/(-18) - h/(-12). Suppose -t = 35 - s. What is the units digit of t?
5
Let j = 2120 + 1554. Let l = j + -6710. What is the units digit of l/(-55) - 1/5?
5
Let q(j) = -64*j + 256. Let c be q(27). Let d = c - -2225. What is the hundreds digit of d?
7
Suppose -6*u + 13*u - 14 = 0. Let b(f) = 15*f + 4. Let p be b(u). Suppose v = -3*c + p, -5*v + 5*c + 107 = -143. What is the units digit of v?
6
Let p(j) = 72*j**3 - 5*j**2 + 74*j + 39. What is the tens digit of p(6)?
5
Let a(z) = z**3 - 14*z**2 + 33*z - 27. Let x(u) = -3*u + 14. Let f be x(2). Suppose 3*w + y - 48 + f = 0, -66 = -5*w - y. What is the tens digit of a(w)?
3
Suppose -37*q = 5*z - 40*q - 31337, -2*q + 12538 = 2*z. What is the tens digit of z?
6
Let d(p) = -16 + 0*p + 7 + 3*p + 9 + 15 - 4*p**2 - 3*p**3. What is the tens digit of d(-8)?
7
Let q(r) = 40*r - 168. Suppose -5*y = -0*z + 4*z - 70, -z = 4*y - 23. What is the units digit of q(z)?
2
Let n = -82 - -83. Let o(s) = 121*s**2 - s. Let r be o(n). Let b = r - 65. What is the units digit of b?
5
Let j be 5/(15/5931) + -7 + 4. Suppose j = -25*k + 6124. What is the tens digit of k?
6
Let a = 234 - 190. Suppose -a*f + 14*f = -14670. What is the hundreds digit of f?
4
Let t(r) = -r**3 + 69*r**2 - 89*r - 622. What is the units digit of t(49)?
7
Suppose 0 = -b - 3*w + 5, -5*w = -b - 10*w - 5. Suppose 15 = 5*m, -2*p + b = 3*m - 357. Suppose -p = -5*x - 9. What is the tens digit of x?
3
Let d(u) = 8*u - 3 + 3*u**2 + 6 + 12*u**2 + 2*u**3 + 2*u**2. Suppose 27*x + 123 = -66. What is the units digit of d(x)?
4
Suppose 42 = 2*u + 40, -5*u - 10345 = -3*q. What is the tens digit of q?
5
Let z = 37 - 31. Suppose 0 = 4*n - z - 6. What is the units digit of 1*(105 + 6*-1 + n)?
2
Suppose -5*m + 81 = -14. Let y = -16 + m. Suppose 77 = -y*f + 260. What is the tens digit of f?
6
Suppose 0 = 3*h + h - d - 21, h + 5*d = 0. Let f be -2*(170/(-4))/h. Suppose 18*i - f*i - 99 = 0. What is the units digit of i?
9
Let d(y) be the first derivative of 4*y**3 + 41*y**2/2 + 291*y + 102. What is the tens digit of d(-8)?
3
Let f(u) = 101*u**2 - 5*u + 4. Let p(l) = -40*l - 1. Let a be p(-4). Suppose a = -4*s + 163. What is the units digit of f(s)?
0
Suppose 5*d - 3*a = -617, -4*a - 192 + 64 = d. Let w = d - -368. Suppose -13*z = -11*z - w. What is the tens digit of z?
2
Let y = -262 - -382. Suppose 4*c = b - 4*b + 120, -3*b + 4*c = -y. Suppose -b*m - 284 = -42*m. What is the units digit of m?
2
Let a = 36028 + -14624. What is the hundreds digit of a?
4
Suppose 4*z = 16 + 8. Let i be (-1)/((-32)/(-42) + z/(-14)). What is the units digit of 4 - (-225)/(-5)*i?
9
Let w = 72 - 542. Let l = w - -963. What is the units digit of l?
3
Let w(c) = 372 + 367 + 187*c - 6*c**2 - c**3 - 185*c. What is the hundreds digit of w(0)?
7
Let f(p) = 3*p - 3. Let s be f(2). Let x(r) = 16*r - 94. Let w be x(6). Suppose -s*v + 2*g = -w*v - 122, 5*g + 25 = 0. What is the hundreds digit of v?
1
Let o = -207 + 211. What is the tens digit of 8 - 6140/(-26) - o/26?
4
Let r = -723 + 1216. Suppose -a + r = 3*n, -1643 + 120 = -3*a + 2*n. What is the hundreds digit of a?
5
Let t(d) = 7*d + 28. Let y be t(-22). What is the units digit of (-9658)/(-21) - 12/y?
0
Suppose -5*m + 26224 = -3*n, 0 = 92*m - 87*m + 3*n - 26206. What is the thousands digit of m?
5
Suppose -5*a = 25, 2*p + 43*a - 42*a = 26385. What is the ten thousands digit of p?
1
Suppose 3*r - 828 = -3*r. Let y = r + -195. Let d = 32 - y. What is the tens digit of d?
8
Let b = 372 - 443. Let s = 861 - b. What is the units digit of s?
2
Let k(d) = -d**3 + 13*d**2 + 8. Let s be k(13). Suppose -5*w + 4988 = o, -12*o + s*o = w - 990. What is the units digit of w?
8
Suppose -3*h + 10 = 2*h + a, -h + 8 = -a. Let m be ((3 + 5)*1)/2. Suppose -w = m*x - 254, 3*w - 3 - h = 0. What is the units digit of x?
3
Suppose 0 = 28571*l - 28583*l + 36252. What is the units digit of l?
1
What is the tens digit of 126351/12 - 5 - ((-1)/(-4) + -1)?
2
Let j(c) = 8*c**2 + 161*c - 259. What is the thousands digit of j(-31)?
2
Let f(u) = 6*u**2 - 9*u + 18. Let c(x) = -x**2 + 5*x. Let j be c(3). Let i be f(j)